is the remainder when 92 is divided by 81?
11
What is the remainder when 182 is divided by 37?
34
What is the remainder when 572 is divided by 180?
32
What is the remainder when 1363 is divided by 15?
13
Calculate the remainder when 1103 is divided by 16.
15
What is the remainder when 600 is divided by 144?
24
What is the remainder when 365 is divided by 112?
29
What is the remainder when 14 is divided by 9?
5
Calculate the remainder when 188 is divided by 76.
36
Calculate the remainder when 3182 is divided by 16.
14
Calculate the remainder when 1289 is divided by 596.
97
What is the remainder when 4385 is divided by 25?
10
Calculate the remainder when 1643 is divided by 579.
485
What is the remainder when 53 is divided by 11?
9
Calculate the remainder when 134 is divided by 8.
6
What is the remainder when 483 is divided by 182?
119
Calculate the remainder when 3611 is divided by 82.
3
What is the remainder when 19 is divided by 11?
8
Calculate the remainder when 42 is divided by 11.
9
Calculate the remainder when 10677 is divided by 24.
21
Calculate the remainder when 616 is divided by 80.
56
What is the remainder when 664 is divided by 159?
28
Calculate the remainder when 219 is divided by 72.
3
What is the remainder when 1182 is divided by 429?
324
Calculate the remainder when 2191 is divided by 50.
41
What is the remainder when 194 is divided by 11?
7
What is the remainder when 308 is divided by 95?
23
Calculate the remainder when 150 is divided by 91.
59
Calculate the remainder when 28 is divided by 13.
2
What is the remainder when 639 is divided by 80?
79
Calculate the remainder when 1878 is divided by 55.
8
What is the remainder when 2260 is divided by 54?
46
What is the remainder when 731 is divided by 2?
1
What is the remainder when 257 is divided by 26?
23
What is the remainder when 48 is divided by 15?
3
Calculate the remainder when 522 is divided by 35.
32
Calculate the remainder when 669 is divided by 24.
21
Calculate the remainder when 879 is divided by 18.
15
What is the remainder when 24 is divided by 12?
0
Calculate the remainder when 4446 is divided by 212.
206
What is the remainder when 7837 is divided by 56?
53
Calculate the remainder when 2290 is divided by 325.
15
What is the remainder when 252 is divided by 87?
78
What is the remainder when 73 is divided by 27?
19
What is the remainder when 2076 is divided by 27?
24
What is the remainder when 93 is divided by 7?
2
What is the remainder when 285 is divided by 18?
15
What is the remainder when 1802 is divided by 597?
11
What is the remainder when 1275 is divided by 128?
123
What is the remainder when 144 is divided by 68?
8
Calculate the remainder when 1185 is divided by 119.
114
What is the remainder when 244 is divided by 49?
48
What is the remainder when 74 is divided by 27?
20
Calculate the remainder when 362 is divided by 73.
70
Calculate the remainder when 191 is divided by 128.
63
Calculate the remainder when 150 is divided by 53.
44
Calculate the remainder when 24482 is divided by 59.
56
What is the remainder when 1113 is divided by 92?
9
Calculate the remainder when 129 is divided by 47.
35
Calculate the remainder when 91 is divided by 47.
44
What is the remainder when 736 is divided by 185?
181
Calculate the remainder when 201 is divided by 56.
33
Calculate the remainder when 338 is divided by 71.
54
What is the remainder when 1214 is divided by 11?
4
What is the remainder when 163 is divided by 37?
15
Calculate the remainder when 398 is divided by 50.
48
Calculate the remainder when 1506 is divided by 168.
162
Calculate the remainder when 709 is divided by 13.
7
What is the remainder when 197 is divided by 50?
47
What is the remainder when 4527 is divided by 4?
3
Calculate the remainder when 222 is divided by 161.
61
What is the remainder when 745 is divided by 114?
61
What is the remainder when 42 is divided by 15?
12
Calculate the remainder when 287 is divided by 24.
23
Calculate the remainder when 5472 is divided by 46.
44
Calculate the remainder when 208 is divided by 8.
0
What is the remainder when 726 is divided by 66?
0
What is the remainder when 5680 is divided by 810?
10
Calculate the remainder when 513 is divided by 173.
167
What is the remainder when 359 is divided by 9?
8
Calculate the remainder when 250 is divided by 78.
16
Calculate the remainder when 2855 is divided by 95.
5
What is the remainder when 54 is divided by 10?
4
Calculate the remainder when 334 is divided by 14.
12
What is the remainder when 13 is divided by 1?
0
What is the remainder when 292 is divided by 16?
4
Calculate the remainder when 205 is divided by 68.
1
What is the remainder when 3336 is divided by 71?
70
What is the remainder when 145 is divided by 49?
47
What is the remainder when 1279 is divided by 80?
79
Calculate the remainder when 360 is divided by 201.
159
Calculate the remainder when 534 is divided by 91.
79
What is the remainder when 494 is divided by 99?
98
What is the remainder when 46 is divided by 8?
6
What is the remainder when 1874 is divided by 94?
88
Calculate the remainder when 8947 is divided by 7.
1
What is the remainder when 55 is divided by 7?
6
What is the remainder when 575 is divided by 227?
121
Calculate the remainder when 10370 is divided by 182.
178
What is the remainder when 1456 is divided by 73?
69
Calculate the remainder when 601 is divided by 294.
13
Calculate the remainder when 198 is divided by 42.
30
Calculate the remainder when 226 is divided by 24.
10
Calculate the remainder when 195 is divided by 25.
20
Calculate the remainder when 270 is divided by 54.
0
What is the remainder when 11567 is divided by 227?
217
Calculate the remainder when 295 is divided by 47.
13
Calculate the remainder when 486 is divided by 43.
13
What is the remainder when 126 is divided by 75?
51
Calculate the remainder when 5031 is divided by 17.
16
What is the remainder when 464 is divided by 12?
8
What is the remainder when 136 is divided by 26?
6
What is the remainder when 104 is divided by 48?
8
Calculate the remainder when 597 is divided by 86.
81
Calculate the remainder when 181 is divided by 42.
13
Calculate the remainder when 105 is divided by 34.
3
Calculate the remainder when 592 is divided by 85.
82
Calculate the remainder when 100 is divided by 51.
49
What is the remainder when 645 is divided by 36?
33
What is the remainder when 13820 is divided by 51?
50
What is the remainder when 2594 is divided by 79?
66
What is the remainder when 394 is divided by 113?
55
What is the remainder when 41 is divided by 27?
14
What is the remainder when 1747 is divided by 6?
1
What is the remainder when 1189 is divided by 71?
53
Calculate the remainder when 80 is divided by 22.
14
What is the remainder when 63 is divided by 25?
13
Calculate the remainder when 254 is divided by 88.
78
What is the remainder when 121 is divided by 101?
20
Calculate the remainder when 275 is divided by 33.
11
What is the remainder when 182 is divided by 47?
41
What is the remainder when 667 is divided by 11?
7
Calculate the remainder when 83 is divided by 28.
27
What is the remainder when 566 is divided by 52?
46
Calculate the remainder when 3150 is divided by 787.
2
What is the remainder when 1728 is divided by 173?
171
Calculate the remainder when 3965 is divided by 83.
64
What is the remainder when 1117 is divided by 23?
13
Calculate the remainder when 1559 is divided by 259.
5
What is the remainder when 1008 is divided by 5?
3
Calculate the remainder when 2055 is divided by 17.
15
Calculate the remainder when 4672 is divided by 13.
5
Calculate the remainder when 2162 is divided by 154.
6
Calculate the remainder when 9252 is divided by 178.
174
Calculate the remainder when 2759 is divided by 455.
29
What is the remainder when 54 is divided by 25?
4
Calculate the remainder when 197 is divided by 8.
5
Calculate the remainder when 711 is divided by 271.
169
Calculate the remainder when 3044 is divided by 60.
44
Calculate the remainder when 2886 is divided by 43.
5
What is the remainder when 196 is divided by 10?
6
Calculate the remainder when 1240 is divided by 303.
28
What is the remainder when 139 is divided by 41?
16
What is the remainder when 882 is divided by 438?
6
What is the re